of 372?
True
Is 8 a factor of 2112?
True
Is 15 a factor of 1575?
True
Is 1526 a multiple of 7?
True
Is 500 a multiple of 29?
False
Is 20 a factor of 296?
False
Is 5 a factor of 100?
True
Is 12 a factor of 55656?
True
Does 15 divide 5970?
True
Is 720 a multiple of 48?
True
Is 4662 a multiple of 21?
True
Does 15 divide 328?
False
Is 2 a factor of 22?
True
Is 221 a multiple of 2?
False
Does 150 divide 1259?
False
Does 41 divide 1394?
True
Does 27 divide 334?
False
Does 31 divide 1731?
False
Is 2225 a multiple of 2?
False
Is 77 a multiple of 7?
True
Is 990 a multiple of 55?
True
Does 18 divide 27417?
False
Is 49 a factor of 1142?
False
Is 3861 a multiple of 33?
True
Is 14 a factor of 239?
False
Is 858 a multiple of 13?
True
Is 5 a factor of 182?
False
Is 5113 a multiple of 20?
False
Does 24 divide 10488?
True
Is 12 a factor of 3357?
False
Does 29 divide 1153?
False
Does 33 divide 5479?
False
Does 4 divide 96?
True
Does 4 divide 1489?
False
Is 83 a factor of 1494?
True
Is 40 a factor of 12198?
False
Is 1260 a multiple of 10?
True
Is 17 a factor of 8461?
False
Is 359 a multiple of 105?
False
Does 55 divide 3400?
False
Is 602 a multiple of 7?
True
Is 14 a factor of 1624?
True
Is 36702 a multiple of 19?
False
Is 791 a multiple of 54?
False
Is 11 a factor of 362?
False
Does 5 divide 191?
False
Is 80 a factor of 880?
True
Is 26442 a multiple of 18?
True
Is 2369 a multiple of 50?
False
Is 4794 a multiple of 34?
True
Is 7154 a multiple of 19?
False
Is 2536 even?
True
Is 55 a factor of 1540?
True
Is 2 a factor of 1842?
True
Is 3 a factor of 30?
True
Does 5 divide 505?
True
Is 4736 a multiple of 37?
True
Is 519 a multiple of 8?
False
Does 56 divide 1064?
True
Does 10 divide 143?
False
Is 5 a factor of 491?
False
Is 26 a factor of 182?
True
Is 71740 a multiple of 85?
True
Does 8 divide 20360?
True
Does 13 divide 886?
False
Is 36 a factor of 517?
False
Does 43 divide 765?
False
Is 8 a factor of 1920?
True
Is 15 a factor of 73435?
False
Is 1480 a multiple of 8?
True
Is 28655 a multiple of 8?
False
Is 48 a factor of 54692?
False
Is 87 a factor of 522?
True
Does 14 divide 1144?
False
Is 644 a multiple of 14?
True
Is 80 a factor of 44880?
True
Does 8 divide 5723?
False
Does 11 divide 5255?
False
Does 152 divide 28658?
False
Is 17045 a multiple of 7?
True
Does 24 divide 10810?
False
Is 27 a factor of 498?
False
Is 1475 a multiple of 70?
False
Is 611 a multiple of 12?
False
Is 95 a multiple of 24?
False
Does 4 divide 921?
False
Is 93 a factor of 114669?
True
Is 916 a multiple of 7?
False
Is 2724 a multiple of 3?
True
Is 107 a factor of 7704?
True
Does 113 divide 1749?
False
Does 31 divide 302?
False
Is 1924 a multiple of 26?
True
Is 1200 a multiple of 80?
True
Is 9014 a multiple of 151?
False
Is 378 a multiple of 27?
True
Does 2 divide 599?
False
Does 142 divide 8236?
True
Is 186 a multiple of 6?
True
Does 12 divide 12?
True
Does 14 divide 126?
True
Does 18 divide 624?
False
Is 1342 a multiple of 122?
True
Does 57 divide 5244?
True
Is 81 a factor of 5725?
False
Is 104 a factor of 65791?
False
Is 17 a factor of 1030?
False
Is 45 even?
False
Is 19074 a multiple of 33?
True
Is 15 a factor of 1815?
True
Is 8748 a multiple of 2?
True
Is 8 a factor of 944?
True
Is 73 a factor of 5767?
True
Is 47 a factor of 3525?
True
Is 69660 a multiple of 90?
True
Is 109341 a multiple of 49?
False
Is 1672 a multiple of 38?
True
Does 27 divide 1107?
True
Does 14 divide 27258?
True
Does 134 divide 22780?
True
Is 14879 a multiple of 42?
False
Is 6 a factor of 421?
False
Is 2420 a multiple of 20?
True
Is 15 a factor of 274?
False
Is 6438 a multiple of 71?
False
Is 132 a multiple of 3?
True
Is 46 a factor of 7544?
True
Is 89 a factor of 712?
True
Is 39 a factor of 2006?
False
Is 3 a factor of 207?
True
Is 178 a multiple of 63?
False
Is 108 a multiple of 27?
True
Does 11 divide 30914?
False
Is 6 a factor of 108?
True
Does 6 divide 1140?
True
Is 3383 a multiple of 6?
False
Does 85 divide 10710?
True
Is 47 a factor of 13370?
False
Does 2 divide 3573?
False
Is 108 a multiple of 104?
False
Is 513 a multiple of 27?
True
Is 15 a factor of 4695?
True
Is 95 a multiple of 18?
False
Does 9 divide 5050?
False
Does 13 divide 8173?
False
Is 28 a factor of 72828?
True
Is 4 a factor of 4777?
False
Is 164 a multiple of 29?
False
Is 82 a factor of 1394?
True
Is 36 a factor of 3960?
True
Is 20 a factor of 19280?
True
Is 45 a factor of 11300?
False
Does 42 divide 494?
False
Is 23 a factor of 2354?
False
Is 106 a factor of 10321?
False
Is 12041 a multiple of 27?
False
Does 29 divide 25897?
True
Is 20 a factor of 39500?
True
Is 383 a multiple of 17?
False
Does 2 divide 10?
True
Is 6235 a multiple of 19?
False
Does 33 divide 8240?
False
Is 8605 a multiple of 9?
False
Is 9 a factor of 522?
True
Is 9 a factor of 198?
True
Is 2006 a multiple of 17?
True
Does 24 divide 14760?
True
Is 120 a multiple of 40?
True
Does 14 divide 798?
True
Is 704 a multiple of 44?
True
Is 34 a factor of 1734?
True
Does 56 divide 48083?
False
Is 2544 a multiple of 18?
False
Does 69 divide 2308?
False
Is 33 a factor of 367?
False
Is 3 a factor of 822?
True
Is 270 a multiple of 90?
True
Does 45 divide 1137?
False
Does 13 divide 689?
True
Is 1434 a multiple of 4?
False
Is 27188 a multiple of 259?
False
Is 158400 a multiple of 450?
True
Is 22 a factor of 176?
True
Is 105 a multiple of 17?
False
Is 76990 a multiple of 8?
False
Is 50783 a multiple of 12?
False
Is 19264 a multiple of 23?
False
Is 4200 a multiple of 100?
True
Is 13 a factor of 4810?
True
Is 3588 a multiple of 117?
False
Is 71 a factor of 298?
False
Is 2256 a multiple of 6?
True
Does 5 divide 767?
False
Is 9 a factor of 2113?
False
Does 8 divide 723?
False
Is 14 a factor of 939?
False
Is 7520 a multiple of 7?
False
Does 8 divide 832?
True
Is 109 a multiple of 14?
False
Is 1775 a multiple of 15?
False
Is 23489 a multiple of 30?
False
Is 7701 a multiple of 17?
True
Is 6624 a multiple of 69?
True
Is 450 a multiple of 15?
True
Is 7 a factor of 7232?
False
Is 924 a multiple of 7?
True
Is 20 a factor of 2406?
False
Is 12588 a multiple of 4?
True
Does 15 divide 16868?
False
Is 80 a factor of 23521?
False
Is 12 a factor of 2923?
False
Does 38 divide 2090?
True
Does 23 divide 3036?
True
Is 4569 a multiple of 14?
False
Is 55 a factor of 4243?
False
Is 90 a factor of 8709?
False
Is 33 a factor of 9009?
True
Is 803 a multiple of 11?
True
Is 2877 a multiple of 6?
False
Is 68 a factor of 9470?
False
Does 34 divide 18462?
True
Is 32891 a multiple of 135?
False
Does 50 divide 1700?
True
Is 1891 a multiple of 5?
False
Is 7 a factor of 4133?
False
Does 10 divide 900?
True
Does 91 divide 3142?
False
Is 5878 even?
True
Does 17 divide 378?
False
Is 627 a multiple of 19?
True
Is 1520 a multiple of 5?
True
Does 12 divide 527?
False
Is 1410 a multiple of 6?
True
Is 51876 a multiple of 10?
False
Does 85 divide 3845?
False
Is 40850 a multiple of 50?
True
Is 150926 a multiple of 38?
False
Is 3948 a multiple of 47?
True
Does 4 divide 717?
False
Is 57 a factor of 9690?
True
Is 48 a factor of 2034?
False
Is 34 a factor of 584?
False
Does 30 divide 1650?
True
Does 148 divide 15836?
True
Is 3 a factor of 78?
True
Does 13 divide 2197?
True
Is 60 a factor of 13736?
False
Is 652 a multiple of 40?
False
Is 73 a factor of 357?
False
Does 26 divide 22039?
False
Is 7066 a multiple of 29?
False
Is 54 a factor of 963?
False
Is 20 a factor of 628?
False
Does 3 divide 174?
True
Is 630 a multiple of 10?
True
Is 214 a multiple of 6?
False
Does 65 divide 31525?
True
Is 599 a multiple of 4?
False
Is 44 a factor of 45320?
True
Is 1429 a multiple of 33?
False
Is 124530 a multiple of 35?
True
Is 6 a factor of 457?
False
Is 3250 a multiple of 26?
True
Is 9 a factor of 98352?
True
Does 11 divide 27225?
True
Does 85 divide 14110?
True
Is 10 a factor of 10?
True
Is 71442 a multiple of 60?
False
Is 63473 a multiple of 60?
False
Is 20 a factor of 1660?
True
Is 181 a multiple of 37?
False
Does 19 divide 10383?
False
Is 5 a factor of 14564?
False
Does 3 divide 164?
False
Is 68 a factor of 3563?
False
Does 11 divide 2099?
False
Is 7 a factor of 875?
True
Does 44 divide 102786?
False
Is 7289 a multiple of 122?
False
Does 10 divide 2770?
True
Is 3 a factor of 462?
True
Is 378 a multiple of 14?
True
Is 522 a multiple of 9?
True
Does 29 d